List the prime factors of 3573815.
5, 7, 29, 503
What are the prime factors of 31634264?
2, 3954283
What are the prime factors of 107739198?
2, 3, 7, 31, 27583
What are the prime factors of 3072179595?
3, 5, 149, 167, 8231
List the prime factors of 3767077019.
3767077019
List the prime factors of 260059856.
2, 7, 47387
What are the prime factors of 142567905?
3, 5, 73, 130199
What are the prime factors of 261353752?
2, 11, 2969929
What are the prime factors of 1073317987?
7, 153331141
What are the prime factors of 2232967555?
5, 7, 13, 347, 14143
List the prime factors of 393132402.
2, 3, 13, 43, 89, 439
List the prime factors of 261156378.
2, 3, 7, 888287
What are the prime factors of 6258197642?
2, 179, 311, 56209
List the prime factors of 33158636.
2, 7, 17, 69661
What are the prime factors of 1106466110?
2, 5, 43, 73, 101, 349
List the prime factors of 53560141.
59, 307, 2957
What are the prime factors of 132021023?
1429, 92387
What are the prime factors of 5165841226?
2, 7, 13, 28383743
What are the prime factors of 7265110?
2, 5, 137, 5303
List the prime factors of 626481390.
2, 3, 5, 20882713
List the prime factors of 218657951.
218657951
What are the prime factors of 10314668?
2, 7, 13, 43, 659
List the prime factors of 2871450597.
3, 859, 1114261
List the prime factors of 35198944.
2, 11, 19, 277
What are the prime factors of 30712995?
3, 5, 682511
What are the prime factors of 301521807?
3, 941, 35603
What are the prime factors of 454335752?
2, 13, 19, 31, 7417
What are the prime factors of 866871980?
2, 5, 13, 256471
What are the prime factors of 20524596?
2, 3, 1710383
What are the prime factors of 51167873?
51167873
List the prime factors of 1532509410.
2, 3, 5, 19, 761, 3533
List the prime factors of 579587097.
3, 23, 1663, 5051
What are the prime factors of 2094634?
2, 1047317
What are the prime factors of 2826454896?
2, 3, 19, 1033061
List the prime factors of 230212466.
2, 11, 10464203
What are the prime factors of 1175146078?
2, 31, 677, 27997
List the prime factors of 40814001.
3, 47, 96487
What are the prime factors of 42079179?
3, 14026393
What are the prime factors of 31861290?
2, 3, 5, 19, 55897
List the prime factors of 253374015.
3, 5, 29, 582469
What are the prime factors of 463231198?
2, 17, 691, 19717
What are the prime factors of 7906904208?
2, 3, 7, 71, 5261
What are the prime factors of 451562357?
619, 729503
What are the prime factors of 2471655978?
2, 3, 11, 31, 134227
List the prime factors of 36635535.
3, 5, 139, 5857
List the prime factors of 14466777.
3, 13, 347, 1069
List the prime factors of 499675552.
2, 23, 678907
List the prime factors of 218931062.
2, 7, 41, 381413
What are the prime factors of 3243880852?
2, 73, 11109181
What are the prime factors of 86147944?
2, 10768493
List the prime factors of 20557342.
2, 13, 67, 11801
List the prime factors of 28272433.
7, 241, 16759
List the prime factors of 141308628.
2, 3, 67, 175757
List the prime factors of 5636396139.
3, 11, 170799883
List the prime factors of 265311286.
2, 132655643
What are the prime factors of 440033478?
2, 3, 73338913
List the prime factors of 298393321.
31, 9625591
What are the prime factors of 50463682?
2, 43, 586787
What are the prime factors of 4501837?
73, 83, 743
What are the prime factors of 61768510?
2, 5, 157, 39343
What are the prime factors of 72864387?
3, 2698681
List the prime factors of 183190856.
2, 19, 103, 11701
List the prime factors of 1086647363.
1086647363
List the prime factors of 1267655302.
2, 41, 89, 173699
List the prime factors of 5038162978.
2, 277, 1867, 4871
List the prime factors of 79126673.
1531, 51683
List the prime factors of 3847213258.
2, 7, 79, 3478493
What are the prime factors of 224490059?
4523, 49633
List the prime factors of 837606172.
2, 13, 113, 142547
What are the prime factors of 43629999?
3, 7, 107, 19417
What are the prime factors of 103979542?
2, 51989771
List the prime factors of 1839769038.
2, 3, 983, 3851
What are the prime factors of 35402496?
2, 3, 31, 1487
What are the prime factors of 140587595?
5, 28117519
List the prime factors of 139550623.
31, 173, 26021
List the prime factors of 152284517.
7, 11, 1977721
List the prime factors of 229413191.
7, 32773313
List the prime factors of 124329056.
2, 41, 193, 491
List the prime factors of 941467963.
941467963
List the prime factors of 83506003.
7, 37, 322417
What are the prime factors of 89552605?
5, 19, 942659
What are the prime factors of 3137772702?
2, 3, 522962117
What are the prime factors of 9005217?
3, 13, 233, 991
What are the prime factors of 6402593122?
2, 23, 31, 4489897
What are the prime factors of 3983207611?
431, 2351, 3931
What are the prime factors of 98764331?
103, 958877
What are the prime factors of 179277180?
2, 3, 5, 23, 163, 797
What are the prime factors of 975444313?
5693, 171341
List the prime factors of 3665992647.
3, 151, 8092699
What are the prime factors of 3824033490?
2, 3, 5, 2143, 2203
List the prime factors of 70361059.
70361059
List the prime factors of 679380620.
2, 5, 33969031
List the prime factors of 142329738.
2, 3, 29, 817987
What are the prime factors of 202935406?
2, 101467703
List the prime factors of 667255511.
13, 51327347
List the prime factors of 57599775.
3, 5, 85333
List the prime factors of 414255902.
2, 337, 614623
List the prime factors of 46280244.
2, 3, 137, 28151
What are the prime factors of 63280172?
2, 15820043
What are the prime factors of 456057976?
2, 11, 5182477
List the prime factors of 1416293310.
2, 3, 5, 23, 283, 7253
List the prime factors of 189997040.
2, 5, 2374963
List the prime factors of 31369333.
67, 468199
What are the prime factors of 7824119?
7824119
What are the prime factors of 33123786?
2, 3, 17, 324743
List the prime factors of 47562321.
3, 23, 689309
List the prime factors of 398758463.
398758463
List the prime factors of 829796440.
2, 5, 11, 307, 6143
List the prime factors of 1099020332.
2, 6841, 40163
What are the prime factors of 278238522?
2, 3, 46373087
List the prime factors of 476492741.
311, 1532131
List the prime factors of 8014742935.
5, 41, 3347, 11681
List the prime factors of 15938653.
15938653
List the prime factors of 2336986947.
3, 19, 179, 199, 1151
List the prime factors of 260147708.
2, 65036927
List the prime factors of 110949157.
11, 17, 29, 41, 499
What are the prime factors of 592369102?
2, 13, 263, 86629
What are the prime factors of 569019669?
3, 189673223
List the prime factors of 408003753.
3, 136001251
List the prime factors of 55203852.
2, 3, 11, 37, 89, 127
List the prime factors of 164845153.
11, 1429, 10487
List the prime factors of 108640485.
3, 5, 97, 24889
What are the prime factors of 69330425?
5, 193, 14369
What are the prime factors of 35107171?
11, 3191561
What are the prime factors of 86579326?
2, 29, 1492747
What are the prime factors of 186707238?
2, 3, 23, 419, 3229
List the prime factors of 456534618.
2, 3, 2543, 29921
List the prime factors of 286757211.
3, 13, 7352749
List the prime factors of 373922881.
4409, 84809
What are the prime factors of 2662348?
2, 13, 51199
List the prime factors of 1835142296.
2, 13, 17645599
List the prime factors of 419521550.
2, 5, 7, 271, 4423
What are the prime factors of 4681991174?
2, 7, 37, 311, 29063
List the prime factors of 49584882.
2, 3, 8264147
List the prime factors of 371150973.
3, 2267, 18191
List the prime factors of 23854315.
5, 17, 280639
What are the prime factors of 95298209?
17, 5605777
What are the prime factors of 1262934587?
1262934587
List the prime factors of 714447878.
2, 41, 8712779
List the prime factors of 621365016.
2, 3, 25890209
List the prime factors of 42566612.
2, 11, 19, 59, 863
List the prime factors of 86100304.
2, 29, 97, 1913
List the prime factors of 213221262.
2, 3, 43, 487, 1697
List the prime factors of 2643319301.
7, 1811, 208513
What are the prime factors of 99140889?
3, 17, 113, 17203
What are the prime factors of 104983103?
29, 997, 3631
What are the prime factors of 4614135?
3, 5, 307609
What are the prime factors of 1153456238?
2, 11, 52429829
List the prime factors of 165217628.
2, 17, 2429671
List the prime factors of 76215803.
79, 964757
List the prime factors of 2438000577.
3, 270888953
List the prime factors of 13296